ose -4*c - n*l = 48, -3*l = -4*c + 2*l - 48. Let x be (c/(-10))/((-2)/(-10)). Calculate the highest common factor of 3 and x.
3
Suppose 0*p = 2*p - 2, 3*p = -5*g + 73. What is the greatest common divisor of g and 126?
14
Suppose -d + 70 = 4*d. Let v be 4/(-14) - (-74)/d. Suppose i = v*u + 17, 2*i + 0*u - 4*u = 16. Calculate the highest common factor of 2 and i.
2
Let q(s) = -5*s + 7. Let l be q(7). Let d = 52 + l. Suppose 0 = -0*k + 3*k - 9, -h + 2*k + 6 = 0. Calculate the greatest common divisor of d and h.
12
Let i(s) = -3 + 4*s + 2 + 2*s**2 - 5. Let o be i(4). Suppose 0 = -0*m + 2*m - 14. What is the highest common divisor of m and o?
7
Let y = -2 + 4. Let i be (-2)/(-1) + (-69)/(-3). Suppose a - 16 - 1 = 2*j, j = y*a - i. What is the greatest common divisor of a and 11?
11
Let k = 1 - -5. Suppose -3*n = -4*a - 0*n + 2, -2*a - n = -k. Calculate the greatest common factor of a and 22.
2
Let t = 82 + -121. Let b = 59 + t. Calculate the greatest common divisor of 160 and b.
20
Let v = 42 + -10. Calculate the greatest common factor of 8 and v.
8
Let y be ((-3)/12)/((-3)/12). What is the highest common divisor of y and 8?
1
Let w be (-12)/10*(-40)/6. Let s = -127 - -183. Calculate the greatest common factor of s and w.
8
Let l(t) = -t**2 - 11*t - 3. Let x = -11 - -2. Let y be l(x). Suppose 29 = a - y. What is the greatest common factor of 4 and a?
4
Suppose -2*d + 7 = x, -2*d + x + 0*x + 5 = 0. Suppose 198 = 5*v - d*v. Let i be 1/(-3) + 56/6. Calculate the highest common factor of i and v.
9
Suppose -3*f + 7 + 40 = y, f - 15 = -y. Calculate the highest common factor of f and 4.
4
Let w(k) = k**3 - 17*k**2 + 17*k - 8. Let o be w(16). Calculate the highest common factor of 8 and o.
8
Suppose -5*p + 3*g = -2*g + 140, 5*p + 100 = -3*g. Let t be (p - 1)*(-20)/6. Calculate the greatest common factor of t and 10.
10
Let p = 269 + -133. Suppose 21 = w - 3*k, w - 5*w + k + 29 = 0. Suppose y - w*y + 95 = -2*x, -2*x + 7 = y. Calculate the greatest common divisor of y and p.
17
Let b(v) = -v**3 - 9*v**2 - 8*v + 2. Let k be b(-8). Let l(i) = -18 + 18 + i. Let a be l(5). What is the highest common factor of k and a?
1
Suppose 2*p - 520 = -4*f, 4*p = 4*f - 2*f + 1000. What is the greatest common divisor of 28 and p?
28
Let n = -6 + 42. Calculate the highest common factor of 108 and n.
36
Let f be (-48)/(-12)*(-14)/(-8). What is the greatest common divisor of f and 21?
7
Let b = 57 + -49. Suppose 3*p - 8 - 1 = 0. Suppose 0 = -2*q - 4*m - 8, 0*q = 5*q + p*m - 8. Calculate the greatest common factor of q and b.
4
Let d(c) = 127*c + 1. Let x = 15 - 5. Suppose 0*j - j - 4 = 5*u, 5*j - 5*u = x. Let b be d(j). Calculate the greatest common factor of 16 and b.
16
Let w be (-282)/(-5) - 6/15. Let k = w - 38. Calculate the greatest common divisor of k and 72.
18
Let x = 155 + -73. Suppose -x = -d - d. Let b = 116 - d. Calculate the highest common factor of 15 and b.
15
Let p be 25/(-3)*(-96)/80. Let g(i) = -i**3 - 6*i**2 - 6*i. Let s be g(-5). Calculate the highest common factor of p and s.
5
Let y be 3/7 - 13149/(-189). What is the highest common divisor of y and 14?
14
Let w be (1/2)/((-2)/(-12)). Suppose -w*f = -f + 4. Let b be -36*(f/(-4) - 1). What is the highest common factor of b and 6?
6
Let b = 57 + -33. What is the highest common factor of 3 and b?
3
Let m = -160 - -244. What is the greatest common factor of 21 and m?
21
Suppose -v = -1 - 23. What is the greatest common divisor of v and 8?
8
Suppose 4*k + 68 = 232. Let h = k - -19. What is the highest common divisor of 30 and h?
30
Let v = -5 + 10. Let i(a) = a**3 - 6*a**2 + 6*a - 2. Let y be i(v). Let l = 33 - y. What is the greatest common factor of l and 5?
5
Let t = 27 - -69. Let c be (-54)/3*(-6)/9. Calculate the highest common divisor of c and t.
12
Let q(r) = r**2 - 20*r + 22. Let a be q(20). Calculate the greatest common factor of 2 and a.
2
Let h = -12 + 20. Suppose -5*r = -23 - 17. Calculate the highest common divisor of r and h.
8
Suppose -2 = 4*r - 3*r. Let p = r + 18. Let n = -12 - -28. Calculate the highest common divisor of p and n.
16
Let v(d) = -d**2 - d + 15. Let o be v(0). Suppose -o*x = -19*x + 12. Let m be -1*(-15 - (1 - 1)). What is the greatest common divisor of m and x?
3
Suppose n + 38 + 77 = 2*g, -5*n - 611 = 2*g. Let a = n - -233. Let h = 37 - 23. Calculate the highest common divisor of h and a.
14
Let q(c) = 4*c**2 - 3*c. Let w(k) = -k**2 + k. Let t(s) = q(s) + 2*w(s). Let p be t(6). Calculate the highest common factor of 165 and p.
33
Suppose 2*h + h - 15 = 0. Let k = 4 + h. What is the greatest common divisor of 36 and k?
9
Suppose 0 = -b - 4*s - 4, 3*b + 2*s + 8 = 2*b. Let h be 4/(-6) - 1412/b. What is the highest common factor of 13 and h?
13
Let w = -3 - -5. Let t = w - -2. Suppose t*o = -2*m - m + 90, -2*o - 60 = -2*m. What is the highest common divisor of m and 20?
10
Let t(j) = 8*j - 57. Let z be t(8). What is the greatest common factor of z and 21?
7
Let j = -4 + 22. What is the greatest common factor of j and 6?
6
Let f be 14/4*(10 - 0). Suppose -5*h = m + 11 - 0, -2*h + 10 = 4*m. Let b be 1 + 4 + -2 + m. Calculate the highest common factor of f and b.
7
Suppose -3*u - 9 = 5*h - 1, 2*u - 3*h = 20. Suppose 4*v = -5*t + 47, 4*v - u*t = -t + 23. What is the greatest common divisor of 8 and v?
8
Suppose 4*m + j - 16 = 3*j, -35 = -5*m - 5*j. Let x be (m - 1)*(-3)/(-6). Let u be (0 + 1)*-1 - -2. What is the greatest common factor of x and u?
1
Let l = 33 + -5. Suppose 3*w - 9 = m + 1, 5*m + l = 4*w. Calculate the highest common factor of w and 6.
2
Suppose w = 5*a + 26, -5*a - 25 = -2*w + 2. Suppose 5*z - 5*c + 4*c = 401, 0 = -c - w. Let b = -46 - -78. Calculate the highest common divisor of z and b.
16
Suppose -c = -1 - 13. Suppose 0 = r + 3*o + 10, -4*r - c = 2*o - 3*o. Let u be 884/10 - r/(-10). Calculate the highest common factor of 11 and u.
11
Let t(d) = d**3 + 2*d**2 + 2. Let b be t(-2). Calculate the greatest common divisor of b and 10.
2
Let k(z) = 3*z + 29. Let t be k(-8). What is the highest common factor of t and 2?
1
Let j(c) = -3*c - 1. Suppose 5*s + 25 = 3*n, 4*s - 2 + 0 = -2*n. Let u be j(s). Suppose u*g - 42 = 3. Calculate the greatest common factor of g and 63.
9
Let x be -1 + 0 - (-1 + -197 + 1). Calculate the greatest common divisor of x and 28.
28
Let m = 1 + 1. Suppose -4 = -o - m. Let i be 9/(o - (-3)/(-3)). What is the greatest common factor of i and 81?
9
Suppose -m + 8 = 4. Calculate the greatest common divisor of 4 and m.
4
Let l be (74/(-8))/((-3)/(-12)). Let b = l - -77. Let j = -2 - -7. What is the greatest common divisor of b and j?
5
Let p be 2 - 3/6*4. Suppose 5*z + p + 30 = 0. Let b be (-96)/(-9) - (-4)/z. Calculate the highest common factor of 40 and b.
10
Let w = 32 - 20. Suppose -w = -3*m - 3. Suppose m*z - 107 = -2. What is the greatest common factor of z and 7?
7
Let p = -110 + 294. Calculate the highest common divisor of 46 and p.
46
Let p be 2/(-7) + (-2 - 205/(-7)). Calculate the highest common divisor of p and 18.
9
Suppose 0 = -3*h + 5*z + 356, -452 = -0*h - 4*h + z. What is the highest common divisor of 16 and h?
16
Let z be 20/2 + 1 - (1 - -2). Let b be (2/6)/(3/9). Calculate the highest common factor of b and z.
1
Suppose -35 = -v - 3. Suppose 3*p = -p + v. Suppose -4*g + 44 - 12 = 0. What is the greatest common factor of g and p?
8
Suppose -4*w + h - 18 = 0, -3*h + 4 + 2 = 0. Let y = w - -8. Let l be ((-106)/(-6) + -3)*3. What is the greatest common divisor of y and l?
4
Suppose 0 = l - k - 8, -5*k = 4*l + 1 - 6. What is the greatest common factor of l and 5?
5
Let u be ((-16)/12 + -4)/(8/(-12)). Suppose -5*v + 78 = 2*h, -4 = 3*h - 1. Calculate the highest common divisor of u and v.
8
Let u = -10 - -6. Let q = 6 + u. Calculate the greatest common factor of 16 and q.
2
Let m(d) = 6*d - 12. Let j be m(9). What is the highest common factor of j and 6?
6
Let q(u) = -2*u**3 + 3*u**2 - u - 1. Let j be q(2). Let z = 11 + j. What is the greatest common factor of z and 1?
1
Suppose 3*d = -2*n + 102, 3*d - 38 = -5*n + 199. What is the greatest common divisor of n and 30?
15
Let d(j) = -j - 1. Let b = -6 - -2. Let n be d(b). Calculate the highest common factor of 1 and n.
1
Let p be 5/(104/(-56) + (-4)/(-2)). What is the greatest common 